4 + 1. Let j(s) = -s**2. Calculate j(u).
-9
Suppose -83 = -4*u - 95. Let a(s) = -s**2 - s + 3. What is a(u)?
-3
Let n(o) = -o**2 + 10*o + 4. Let q be n(10). Suppose 0 = q*s - 5 - 3. Let k(m) = 1 + 3*m**2 - 2*m**2 + 1. Give k(s).
6
Let y = -1 + 1. Let v be (-4)/22 - 598/(-143). Let k(f) = -3*f + y*f - v*f + 6*f. Calculate k(-1).
1
Suppose 3*m + 3 + 11 = 4*j, 2*m + 4*j = -16. Let g(f) = f**3 - f + 0*f + 6*f**2 + 0*f**2. Determine g(m).
6
Let j(g) = 5*g + 3. Suppose 5 = -3*o - 1, 0 = -2*q + o - 2. Give j(q).
-7
Suppose 4*a + 8 = -5*t, -2*a - 1 = -2*t + 3. Let z(l) = -l**3 + t*l + 0 - 4 + 3*l + l**2 + l. Give z(3).
-10
Suppose -24 = 5*a - a. Let k(l) = -l**3 - 5*l**2 + 9*l + 4. What is k(a)?
-14
Let y(j) = -j**2 + 5*j - 3. Suppose -15 = -0*p + 3*p - 3*c, -5*p = -c + 25. Let s(t) = -t - 4 - 1 + 4. Let k be s(p). What is y(k)?
1
Let v(i) be the first derivative of -i**3/3 + 3*i**2/2 + 14. What is v(4)?
-4
Suppose -15 = -m - 2*m. Let k(z) be the second derivative of -z**4/12 + z**3 - 3*z**2 - 2*z. Calculate k(m).
-1
Let r be 8/(-28) - (-79)/7. Let k(l) = -2*l + r*l - 10*l - 8. Calculate k(0).
-8
Suppose -5*j = -20 - 0. Let v(u) = 4*u - 4. Determine v(j).
12
Let f(n) = -n**2 + n - 1. Let l(s) = -3*s**2 + 8*s - 3. Let x(u) = 2*f(u) - l(u). Calculate x(4).
-7
Let u(n) = -n**3 - 3*n**2 + 3*n + 2. Suppose -5*s = -10*s - 20. Determine u(s).
6
Let o = -10 + 14. Let z(m) = 8 + m - o - 3. What is z(6)?
7
Let i(g) be the third derivative of -g**4/24 - g**3/6 - g**2. Let z be i(-5). Let a(q) = -4 - 1 + 4 - 2*q. Calculate a(z).
-9
Let j(k) be the first derivative of -7*k**2/2 + k - 1. Let o be (-4)/20 - (-12)/(-15). Give j(o).
8
Let o(t) = -4*t**3 - 6*t + 2*t**2 + 3*t - 5 + 0*t**2 + 5*t. Let l(n) = 3*n**3 - 2*n**2 - 2*n + 4. Let k = 6 + -3. Let x(d) = k*l(d) + 2*o(d). Calculate x(3).
5
Let o(w) = -11*w - w**3 + 4*w**3 + 4*w**3 + 3*w**2. Let i(x) = -x**3 + x - 1. Let a(v) = -6*i(v) - o(v). Calculate a(-4).
2
Let o(l) = -l**2 - 15*l - 12. Let b be o(-14). Let n(m) = -m**3 - 2*m - 3. Let w(s) = -s**3 - s - 1. Let k(v) = b*w(v) - n(v). What is k(1)?
0
Let y(f) = -1 + 4*f + 2*f - f. Let v be 2/3 - (-2)/6. Let p be y(v). Let j(s) = -s**3 + 5*s**2 - 3*s - 5. What is j(p)?
-1
Suppose x = -4*j - 7, 18 = -2*x + 4*j + 4. Let p(t) = t**2 + 5*t + 7. What is p(x)?
21
Let d(r) = -r**2 + 6. Let k be (-2)/(-8) + (-2)/(-24)*-3. Determine d(k).
6
Let l(p) = 2*p**2 + 1. Let h be l(-1). Let o = 31 - 23. Suppose s - h*s = o. Let k(n) = n**3 + 4*n**2 - n - 1. Give k(s).
3
Let j(r) = 6*r**2 + 9*r - 8. Let u(w) = 7*w**2 + 10*w - 9. Let c(k) = -5*j(k) + 4*u(k). Calculate c(-4).
-8
Let m(h) = -4*h - 5*h + 13*h - 2 + h**2 + 0. Give m(-5).
3
Let c(d) be the third derivative of -d**5/60 + d**3/6 + d**2. What is c(0)?
1
Let m = 11 - 12. Let j(z) = 0*z + 4*z**2 + 5*z + 1 - 3*z. Give j(m).
3
Suppose 34*a - 36*a = 2. Let h(v) = 5*v + 2. Let c(t) = 6*t + 3. Let m(l) = 2*c(l) - 3*h(l). Give m(a).
3
Let d(y) = -y**3 + y**2 + y + 1. Let l(g) = g - 10. Let u be l(12). Calculate d(u).
-1
Let q(g) = 7*g**2 + g + 1. Let y(r) = -10*r**2 - 2*r - 2. Let s(x) = -7*q(x) - 5*y(x). Let t(m) = -m + 1. Let b be t(4). Give s(b).
3
Suppose -4*o - q = -40, 18 = -3*o - 5*q + 65. Let d(c) = -c**3 + 9*c**2 + 3*c - 13. Determine d(o).
14
Let y(j) = -1 + 2*j - 48*j**3 + 24*j**3 - 4*j**2 + 25*j**3. Give y(3).
-4
Let l = 43 - 28. Let t = -14 + l. Let w(n) = -5*n**2 + 1. What is w(t)?
-4
Let x be 1/((-1)/(-3) + 0). Suppose 19 = x*f + 5*t, -4*f + 3*t - 9 = 14. Let i(y) = 2*y - 2 - 5*y + 0*y. Give i(f).
4
Let u(j) = 5 + 0 + j - 7. Give u(-3).
-5
Suppose -g = 3*g. Suppose 2*f + 3 - 9 = g. Let s(z) = z**3 - 3*z**2 + 3*z - 4. Calculate s(f).
5
Let i(x) = 7*x + 1. Let v(j) = -6*j - 2. Let t(n) = 5*i(n) + 6*v(n). Let d = -171 + 166. What is t(d)?
-2
Let m(f) = f**3 - 2*f - 1. Let c(x) = x**3 + x**2. Let w be c(-1). Suppose 2 = -t - w. Let j = t + 1. Give m(j).
0
Suppose -50 + 14 = -2*d. Suppose -2*n - 4*s + d = 0, -3*s + 8 = -5*n + 1. Let z be -3 + (-6)/(n*-3). Let g(y) = -8*y - 1. What is g(z)?
7
Let v be (-264)/42 + (-7)/((-196)/8). Let p(t) = -3*t + 1 + 0*t + 4*t. Determine p(v).
-5
Let n be (2 + 28/(-12))*0. Let i(h) = -1 - 8*h + 7*h - 1. Calculate i(n).
-2
Let i(y) = y**2 + 3*y + 3. Let f(u) = u**2 + 4*u - 4. Let l be f(-5). Suppose -2 = p + l. Let n be i(p). Let h(d) = d**3 - d**2 - 4*d + 2. Calculate h(n).
8
Let h(j) = -j**3 - 4*j**2 + 5*j + 5. Let z be h(-5). Let m(w) = w + 1. Let y be m(-1). Let f(v) = -v + y*v + 0*v - 5*v**2 + 2 + v**3. Give f(z).
-3
Suppose -4*l - 124 = -76. Let n(c) = c**3 + 11*c**2 - 11*c + 14. Give n(l).
2
Let l(g) = -12 + 6*g - 5*g + 5. Let k(t) = 4*t + 0*t - 15 - 2*t. Let h(u) = -6*k(u) + 13*l(u). Determine h(1).
0
Let p(d) = -d**2 + 1. Let f(r) = -r**3 + 6*r**2 - 3*r - 3. Let c(v) = f(v) + p(v). Let t be 25/9 - (-4)/18. What is c(t)?
7
Let t(n) = -n**3 - 4*n**2 + 2*n - 3. Let w be t(-4). Let a = w + 16. Let k(g) = g**2 - 10*g + 6. Let j(h) = h. Let d(c) = 4*j(c) + k(c). What is d(a)?
1
Let q(c) = c**3 - 6*c**2 + 3*c + 2. Let t(v) = -v**2 - 13*v - 7. Let r be t(-12). What is q(r)?
-8
Let d(o) = o**2 - 3. Let p(a) = -a. Let q(t) = d(t) - 3*p(t). Calculate q(-5).
7
Suppose -2*o + 4*o + 12 = 0. Let s(j) = -j**3 - 7*j**2 - 4*j - 9. What is s(o)?
-21
Let k(l) be the second derivative of l**8/6720 + l**7/504 - 7*l**6/720 - l**5/60 - l**4/3 - 3*l. Let d(w) be the third derivative of k(w). Give d(-6).
4
Let r(i) be the second derivative of 0 - 3*i - 1/2*i**2 + 5/6*i**3. Determine r(-2).
-11
Suppose -4*o + 22 = 3*y - 9, -3*o = -5*y + 13. Let r = 4 + -1. Let p(c) = 4*c**2 - 2*c - 4 + 5*c + r*c - c**3. What is p(y)?
1
Let y(x) = 4*x**2 + 4*x + 11. Let w(m) = 9*m**2 + 7*m + 23. Suppose -4*f + 4*d = 20, -f = -5*f + 3*d - 22. Let a(z) = f*y(z) + 3*w(z). Give a(-6).
-2
Let t(h) = 13*h**2 - 12*h + 9. Let m(c) = 6*c**2 - 6*c + 4. Let l(d) = 7*m(d) - 3*t(d). Let g(b) = -4*b**2 + 6*b. Let w(p) = -2*g(p) - 3*l(p). Determine w(2).
5
Suppose -3*t = -6*t + 3*l - 21, 19 = -5*t - 3*l. Let y(j) = -6 + 0*j**2 + j + 5 - j**2. Let c(b) = -3*b**2 + 11*b + 2. Let s(k) = c(k) - 4*y(k). Determine s(t).
-4
Let v(y) be the second derivative of y**3/6 - 3*y**2/2 + 12*y. Calculate v(2).
-1
Let j(q) = -q - 1. Let g(w) = -w**2 + 8*w + 3. Let n be g(8). Suppose -6 = n*y - 3*h - h, -3*h = 5*y + 39. Give j(y).
5
Let c(u) = 8*u + 1. Let s = -11 - -10. What is c(s)?
-7
Suppose 5*a + 32 = 2. Let s(j) = -j**2 - 6*j. Give s(a).
0
Let t(r) = 4*r**2 - 5*r + 1. Let b(m) = -m**2 + 1. Let g be 18/5*10/3. Suppose -3 = u + h, 0 = -4*u + 6*h - h - g. Let a(d) = u*b(d) - t(d). Determine a(4).
0
Let m(p) = -2*p**3 - 2*p**2 + 7*p**2 - 1 + 7*p + p**2 + p**3. Calculate m(7).
-1
Let z(p) be the first derivative of -2*p**4 + 7*p**3/3 - 5*p**2/2 - 6*p - 3. Let t(r) = -9*r**3 + 8*r**2 - 6*r - 7. Let i(g) = 5*t(g) - 6*z(g). Give i(-1).
-4
Let m(p) = 8*p**2 - p + 5. Let i = 2 - 9. Let s(f) = -7*f**2 + 2*f - 5. Let z(t) = i*s(t) - 6*m(t). Determine z(6).
-7
Let f(s) = 6 - s - 4*s**2 - s**2 - 3*s**2 + 7*s**2 + s**3. Let k be (0 + 0)*(-3)/(-6). What is f(k)?
6
Let f(n) = -n + 7. Let y(g) = -g + 7. Let k(h) = -3*f(h) + 4*y(h). Determine k(8).
-1
Suppose 0*a + 4*a + 18 = u, -a = -4*u - 3. Let x(t) = t**2 + 4*t - 6. Calculate x(a).
-1
Let d(l) = -l**2 - 2*l + 1. Let q be d(1). Let z = 3 - 1. Let b(n) = 3*n**2 - 2*n**z - 2*n**3 - 3*n**2 - 5 + 3. Determine b(q).
6
Let a(g) be the third derivative of -g**6/120 + g**5/30 - g**4/12 + g**3/6 - 2*g**2. Calculate a(1).
0
Let k = -26 + 23. Let v(z) = 10*z**2 - 7*z + 1. Let q(d) = d**2 - d. Let c(j) = -18*q(j) + 2*v(j). What is c(k)?
8
Let n = -6 - -10. Suppose -n*l - 2 + 10 = 0. Let a(b) = b - 1. Give a(l).
1
Let m(g) = 3 + 6*g + 0 - 3*g**2 - g**2 + 3*g**2. Determine m(6).
3
Let q(g) = 5*g**2 + g. Let j(m) = 2*m + 5. Let w be j(-5). Let k = -3 - w. Let x = k - 1. Give q(x).
6
Let d be (-115)/(-35) + (-4)/14. Suppose -p - 9 = -d*z, 4*p = 2*z - 19 + 3. Let l(h) = 2*h**2 + 2*h - 2. Determine l(z).
10
Let s(v) = v**3 - v**2 + v - 1. Let b(t) be the first derivative of -t**4 - 2*t**3/3 - 4*t**2 + 1. Let g(i) = b(i) + 3*s(i). Give g(-4).
1
Let r(c) = c**3 - 3*c**2 + 2*c - 1. Let i(z) = z**3 - 2*z**2 + 2*z. Let l(u) = 4*i(u) - 5*r(u). What is l(6)?
29
Let u be 0/((0 + 2)*-1). Let t(q) = q**3 - 3*q**2 + 2*q - 4. Let a be t(3). Le